{"id":557,"date":"2020-06-17T17:35:36","date_gmt":"2020-06-17T15:35:36","guid":{"rendered":"https:\/\/lafermedes5sens.com\/?post_type=product&#038;p=557"},"modified":"2025-04-17T15:00:29","modified_gmt":"2025-04-17T13:00:29","slug":"hydrolat-verveine-odorante-250-ml","status":"publish","type":"product","link":"https:\/\/lafermedes5sens.com\/index.php\/produit\/hydrolat-verveine-odorante-250-ml\/","title":{"rendered":"Hydrolat Verveine odorante (250 ml)"},"content":{"rendered":"<h6><span style=\"color: #ff6600;\">Description du produit<\/span><\/h6>\n<p>Flacon en verre teint\u00e9 (250 ml).<\/p>\n<p>Concentration : 1 kg de plantes fra\u00eeches pour 1 L d&#8217;hydrolat.<\/p>\n<p>Filtration apr\u00e8s distillation. Stockage dans des f\u00fbts en inox, \u00e0 l&#8217;abri de la lumi\u00e8re et de la chaleur.<\/p>\n<h6><span style=\"color: #ff6600;\">Pr\u00e9cautions d&#8217;emploi<\/span><\/h6>\n<p>Tenir hors de la port\u00e9e des enfants. Conserver dans un lieu frais et sec, voire au r\u00e9frig\u00e9rateur.<\/p>\n<h6><span style=\"color: #ff6600;\">Conseils d&#8217;utilisation des hydrolats<\/span><\/h6>\n<ul>\n<li class=\"Textbody\" style=\"text-align: justify; text-justify: inter-ideograph;\">En <span style=\"color: #ff6600;\">boisson \u00ab\u00a0plaisir\u00a0\u00bb<\/span>, ponctuellement, ou bien en <span style=\"color: #ff6600;\">boisson \u00ab\u00a0bien-\u00eatre\u00a0\u00bb<\/span>, r\u00e9guli\u00e8rement. Comptez entre 1 cuill\u00e8re \u00e0 caf\u00e9 et 1 cuill\u00e8re \u00e0 soupe d\u2019hydrolat par verre d\u2019eau, jusqu\u2019\u00e0\u00a03 fois par jour.<\/li>\n<li class=\"Textbody\" style=\"text-align: justify; text-justify: inter-ideograph;\">Pour prendre <span style=\"color: #ff6600;\">soin de votre peau<\/span> : comme lotion pour le visage ou le corps, ou bien comme phase aqueuse de vos cr\u00e8mes et autres cosm\u00e9tiques faits maison.<\/li>\n<li class=\"Textbody\" style=\"text-align: justify; text-justify: inter-ideograph;\">Pour un <span style=\"color: #ff6600;\">bain aromatique<\/span>\u00a0: diluer de l\u2019hydrolat dans l\u2019eau du bain.<\/li>\n<li class=\"Textbody\" style=\"text-align: justify; text-justify: inter-ideograph;\">Comme<span style=\"color: #ff6600;\"> bain de bouche<\/span>\u00a0: utiliser au choix de l\u2019hydrolat pur ou dilu\u00e9 dans de l\u2019eau pour entretenir votre hygi\u00e8ne buccale.<\/li>\n<li class=\"Textbody\" style=\"text-align: justify; text-justify: inter-ideograph;\">En <span style=\"color: #ff6600;\">cuisine\u00a0<\/span>: les hydrolats se marient aussi bien avec le sucr\u00e9 qu&#8217;avec le sal\u00e9. Soyez inventifs\u00a0! Parfumez vos salades de fruits, smoothies et p\u00e2tisseries, mais aussi vos vinaigrettes, soupes et rago\u00fbts. Lorsque c\u2019est possible, ajoutez les hydrolats en fin de cuisson pour ne pas alt\u00e9rer leur go\u00fbt.<\/li>\n<li class=\"Textbody\" style=\"text-align: justify; text-justify: inter-ideograph;\">Comme <span style=\"color: #ff6600;\">spray d\u2019ambiance ou d\u2019oreiller\u00a0<\/span>: vaporisez de l\u2019hydrolat dans une pi\u00e8ce ou sur votre oreiller pour assainir l\u2019atmosph\u00e8re ou favoriser l\u2019endormissement.<\/li>\n<li class=\"Textbody\" style=\"text-align: justify; text-justify: inter-ideograph;\">Comme<span style=\"color: #ff6600;\"> eau de repassage<\/span>\u00a0: remplissez votre fer \u00e0 repasser d\u2019hydrolat et d\u2019eau \u00e0 parts \u00e9gales pour un linge d\u00e9licatement parfum\u00e9.<\/li>\n<li class=\"Textbody\" style=\"text-align: justify; text-justify: inter-ideograph;\">Dans les <span style=\"color: #ff6600;\">produits d\u2019entretien faits maison<\/span>\u00a0: l\u2019hydrolat remplace l\u2019eau pour tout ou partie dans les recettes de produits nettoyants, lessive etc. Selon l\u2019hydrolat choisi, vous profiterez de ses propri\u00e9t\u00e9s d\u00e9sinfectantes ou tout simplement de son agr\u00e9able parfum\u00a0!<\/li>\n<li class=\"Textbody\" style=\"text-align: justify; text-justify: inter-ideograph;\">Et de nombreuses autres possibilit\u00e9s \u00e0 explorer&#8230;<\/li>\n<\/ul>\n<h6><span style=\"color: #ff6600;\">Dans l&#8217;intimit\u00e9 de la plante<br \/>\n<\/span><\/h6>\n<p>Souple et \u00e9lanc\u00e9e, d&#8217;un vert chlorophyllien, la Verveine odorante p\u00e9tille de vitalit\u00e9 avec son parfum citronn\u00e9. Elle transmet joie et l\u00e9g\u00e8ret\u00e9 \u00e0 son cueilleur, qui la coupe \u00e0 contrec\u0153ur.<\/p>\n<p>Au sujet de la Verveine odorante, Michel Faucon (<em>Trait\u00e9 d\u2019aromath\u00e9rapie scientifique et m\u00e9dicale \u2013 Les hydrolats<\/em>) \u00e9crit :\u00a0<em>&#8220;Tout \u00e0 la fois vivifiante et apaisante, bien reconnue pour son action \u00e9quilibrante (&#8230;), la Verveine citronn\u00e9e est comparable \u00e0 une balance qui demeure depuis toujours son plus grand symbole (&#8230;) Juste et pond\u00e9r\u00e9e, pr\u00e9cise mais harmonisante, Verveine citronn\u00e9e recentre et ouvre vers la paix du c\u0153ur\u00a0(&#8230;) Elle stimule la pens\u00e9e, la r\u00e9flexion, la pleine conscience (&#8230;) La Verveine citronn\u00e9e est des plus raffin\u00e9es. Par son grand sens de l&#8217;esth\u00e9tique qui la rend tr\u00e8s sensible \u00e0 la Beaut\u00e9, la Verveine citronn\u00e9e conf\u00e8re un bel \u00e9quilibre sensible. Grande ambassadrice de convivialit\u00e9, elle invite \u00e0 l&#8217;ouverture, \u00e0 l&#8217;\u00e9panouissement et au partage&#8230;&#8221;<\/em><\/p>\n","protected":false},"excerpt":{"rendered":"<p>Hydrolat de Verveine odorante\u00a0<em>(Aloysia triphylla<\/em>), 100% pur et naturel.<\/p>\n<p>Distillation des parties a\u00e9riennes, issues de nos cultures biologiques (Corr\u00e8ze).<\/p>\n<p>Synonyme : Verveine citronn\u00e9e.<\/p>\n<p>Principaux constituants biochimiques actifs : g\u00e9ranial, n\u00e9ral, g\u00e9raniol, 1,8-cin\u00e9ole, 6-methyl-5-heptane-2-one, n\u00e9rol, alpha-terpin\u00e9ol, linalol (Michel Faucon, <em>Trait\u00e9 d\u2019aromath\u00e9rapie scientifique et m\u00e9dicale &#8211; Les hydrolats<\/em>).<\/p>\n","protected":false},"featured_media":154,"comment_status":"open","ping_status":"closed","template":"","meta":[],"yoast_head":"<!-- This site is optimized with the Yoast SEO plugin v15.4 - https:\/\/yoast.com\/wordpress\/plugins\/seo\/ -->\n<title>Hydrolat Verveine odorante (250 ml) - La Ferme des 5 sens<\/title>\n<meta name=\"description\" content=\"Acheter de l&#039;hydrolat (eau florale) de Verveine odorante bio \u00e0 une productrice-distillatrice de Corr\u00e8ze (France).\" \/>\n<meta name=\"robots\" content=\"index, follow, max-snippet:-1, max-image-preview:large, max-video-preview:-1\" \/>\n<link rel=\"canonical\" href=\"https:\/\/lafermedes5sens.com\/index.php\/produit\/hydrolat-verveine-odorante-250-ml\/\" \/>\n<meta property=\"og:locale\" content=\"fr_FR\" \/>\n<meta property=\"og:type\" content=\"article\" \/>\n<meta property=\"og:title\" content=\"Hydrolat Verveine odorante (250 ml) - La Ferme des 5 sens\" \/>\n<meta property=\"og:description\" content=\"Acheter de l&#039;hydrolat (eau florale) de Verveine odorante bio \u00e0 une productrice-distillatrice de Corr\u00e8ze (France).\" \/>\n<meta property=\"og:url\" content=\"https:\/\/lafermedes5sens.com\/index.php\/produit\/hydrolat-verveine-odorante-250-ml\/\" \/>\n<meta property=\"og:site_name\" content=\"La Ferme des 5 sens\" \/>\n<meta property=\"article:modified_time\" content=\"2025-04-17T13:00:29+00:00\" \/>\n<meta property=\"og:image\" content=\"https:\/\/lafermedes5sens.com\/wp-content\/uploads\/2020\/01\/test_prod_Plan-de-travail-1-1.png\" \/>\n\t<meta property=\"og:image:width\" content=\"834\" \/>\n\t<meta property=\"og:image:height\" content=\"834\" \/>\n<meta name=\"twitter:card\" content=\"summary_large_image\" \/>\n<meta name=\"twitter:label1\" content=\"\u00c9crit par\">\n\t<meta name=\"twitter:data1\" content=\"admin5827\">\n\t<meta name=\"twitter:label2\" content=\"Dur\u00e9e de lecture est.\">\n\t<meta name=\"twitter:data2\" content=\"2 minutes\">\n<script type=\"application\/ld+json\" class=\"yoast-schema-graph\">{\"@context\":\"https:\/\/schema.org\",\"@graph\":[{\"@type\":\"WebSite\",\"@id\":\"https:\/\/lafermedes5sens.com\/#website\",\"url\":\"https:\/\/lafermedes5sens.com\/\",\"name\":\"La Ferme des 5 sens\",\"description\":\"\",\"potentialAction\":[{\"@type\":\"SearchAction\",\"target\":\"https:\/\/lafermedes5sens.com\/?s={search_term_string}\",\"query-input\":\"required name=search_term_string\"}],\"inLanguage\":\"fr-FR\"},{\"@type\":\"ImageObject\",\"@id\":\"https:\/\/lafermedes5sens.com\/index.php\/produit\/hydrolat-verveine-odorante-250-ml\/#primaryimage\",\"inLanguage\":\"fr-FR\",\"url\":\"https:\/\/lafermedes5sens.com\/wp-content\/uploads\/2020\/01\/test_prod_Plan-de-travail-1-1.png\",\"width\":834,\"height\":834},{\"@type\":\"WebPage\",\"@id\":\"https:\/\/lafermedes5sens.com\/index.php\/produit\/hydrolat-verveine-odorante-250-ml\/#webpage\",\"url\":\"https:\/\/lafermedes5sens.com\/index.php\/produit\/hydrolat-verveine-odorante-250-ml\/\",\"name\":\"Hydrolat Verveine odorante (250 ml) - La Ferme des 5 sens\",\"isPartOf\":{\"@id\":\"https:\/\/lafermedes5sens.com\/#website\"},\"primaryImageOfPage\":{\"@id\":\"https:\/\/lafermedes5sens.com\/index.php\/produit\/hydrolat-verveine-odorante-250-ml\/#primaryimage\"},\"datePublished\":\"2020-06-17T15:35:36+00:00\",\"dateModified\":\"2025-04-17T13:00:29+00:00\",\"description\":\"Acheter de l'hydrolat (eau florale) de Verveine odorante bio \\u00e0 une productrice-distillatrice de Corr\\u00e8ze (France).\",\"inLanguage\":\"fr-FR\",\"potentialAction\":[{\"@type\":\"ReadAction\",\"target\":[\"https:\/\/lafermedes5sens.com\/index.php\/produit\/hydrolat-verveine-odorante-250-ml\/\"]}]}]}<\/script>\n<!-- \/ Yoast SEO plugin. -->","_links":{"self":[{"href":"https:\/\/lafermedes5sens.com\/index.php\/wp-json\/wp\/v2\/product\/557"}],"collection":[{"href":"https:\/\/lafermedes5sens.com\/index.php\/wp-json\/wp\/v2\/product"}],"about":[{"href":"https:\/\/lafermedes5sens.com\/index.php\/wp-json\/wp\/v2\/types\/product"}],"replies":[{"embeddable":true,"href":"https:\/\/lafermedes5sens.com\/index.php\/wp-json\/wp\/v2\/comments?post=557"}],"wp:featuredmedia":[{"embeddable":true,"href":"https:\/\/lafermedes5sens.com\/index.php\/wp-json\/wp\/v2\/media\/154"}],"wp:attachment":[{"href":"https:\/\/lafermedes5sens.com\/index.php\/wp-json\/wp\/v2\/media?parent=557"}],"curies":[{"name":"wp","href":"https:\/\/api.w.org\/{rel}","templated":true}]}}

<h6><span style="color: #ff6600;">Description du produit</span></h6>
<p>Flacon en verre teinté (250 ml).</p>
<p>Concentration : 1 kg de plantes fraîches pour 1 L d&#8217;hydrolat.</p>
<p>Filtration après distillation. Stockage dans des fûts en inox, à l&#8217;abri de la lumière et de la chaleur.</p>
<h6><span style="color: #ff6600;">Précautions d&#8217;emploi</span></h6>
<p>Tenir hors de la portée des enfants. Conserver dans un lieu frais et sec, voire au réfrigérateur.</p>
<h6><span style="color: #ff6600;">Conseils d&#8217;utilisation des hydrolats</span></h6>
<ul>
<li class="Textbody" style="text-align: justify; text-justify: inter-ideograph;">En <span style="color: #ff6600;">boisson « plaisir »</span>, ponctuellement, ou bien en <span style="color: #ff6600;">boisson « bien-être »</span>, régulièrement. Comptez entre 1 cuillère à café et 1 cuillère à soupe d’hydrolat par verre d’eau, jusqu’à 3 fois par jour.</li>
<li class="Textbody" style="text-align: justify; text-justify: inter-ideograph;">Pour prendre <span style="color: #ff6600;">soin de votre peau</span> : comme lotion pour le visage ou le corps, ou bien comme phase aqueuse de vos crèmes et autres cosmétiques faits maison.</li>
<li class="Textbody" style="text-align: justify; text-justify: inter-ideograph;">Pour un <span style="color: #ff6600;">bain aromatique</span> : diluer de l’hydrolat dans l’eau du bain.</li>
<li class="Textbody" style="text-align: justify; text-justify: inter-ideograph;">Comme<span style="color: #ff6600;"> bain de bouche</span> : utiliser au choix de l’hydrolat pur ou dilué dans de l’eau pour entretenir votre hygiène buccale.</li>
<li class="Textbody" style="text-align: justify; text-justify: inter-ideograph;">En <span style="color: #ff6600;">cuisine </span>: les hydrolats se marient aussi bien avec le sucré qu&#8217;avec le salé. Soyez inventifs ! Parfumez vos salades de fruits, smoothies et pâtisseries, mais aussi vos vinaigrettes, soupes et ragoûts. Lorsque c’est possible, ajoutez les hydrolats en fin de cuisson pour ne pas altérer leur goût.</li>
<li class="Textbody" style="text-align: justify; text-justify: inter-ideograph;">Comme <span style="color: #ff6600;">spray d’ambiance ou d’oreiller </span>: vaporisez de l’hydrolat dans une pièce ou sur votre oreiller pour assainir l’atmosphère ou favoriser l’endormissement.</li>
<li class="Textbody" style="text-align: justify; text-justify: inter-ideograph;">Comme<span style="color: #ff6600;"> eau de repassage</span> : remplissez votre fer à repasser d’hydrolat et d’eau à parts égales pour un linge délicatement parfumé.</li>
<li class="Textbody" style="text-align: justify; text-justify: inter-ideograph;">Dans les <span style="color: #ff6600;">produits d’entretien faits maison</span> : l’hydrolat remplace l’eau pour tout ou partie dans les recettes de produits nettoyants, lessive etc. Selon l’hydrolat choisi, vous profiterez de ses propriétés désinfectantes ou tout simplement de son agréable parfum !</li>
<li class="Textbody" style="text-align: justify; text-justify: inter-ideograph;">Et de nombreuses autres possibilités à explorer&#8230;</li>
</ul>
<h6><span style="color: #ff6600;">Dans l&#8217;intimité de la plante<br />
</span></h6>
<p>Souple et élancée, d&#8217;un vert chlorophyllien, la Verveine odorante pétille de vitalité avec son parfum citronné. Elle transmet joie et légèreté à son cueilleur, qui la coupe à contrecœur.</p>
<p>Au sujet de la Verveine odorante, Michel Faucon (<em>Traité d’aromathérapie scientifique et médicale – Les hydrolats</em>) écrit : <em>&#8220;Tout à la fois vivifiante et apaisante, bien reconnue pour son action équilibrante (&#8230;), la Verveine citronnée est comparable à une balance qui demeure depuis toujours son plus grand symbole (&#8230;) Juste et pondérée, précise mais harmonisante, Verveine citronnée recentre et ouvre vers la paix du cœur (&#8230;) Elle stimule la pensée, la réflexion, la pleine conscience (&#8230;) La Verveine citronnée est des plus raffinées. Par son grand sens de l&#8217;esthétique qui la rend très sensible à la Beauté, la Verveine citronnée confère un bel équilibre sensible. Grande ambassadrice de convivialité, elle invite à l&#8217;ouverture, à l&#8217;épanouissement et au partage&#8230;&#8221;</em></p>

<p>Hydrolat de Verveine odorante <em>(Aloysia triphylla</em>), 100% pur et naturel.</p>
<p>Distillation des parties aériennes, issues de nos cultures biologiques (Corrèze).</p>
<p>Synonyme : Verveine citronnée.</p>
<p>Principaux constituants biochimiques actifs : géranial, néral, géraniol, 1,8-cinéole, 6-methyl-5-heptane-2-one, nérol, alpha-terpinéol, linalol (Michel Faucon, <em>Traité d’aromathérapie scientifique et médicale &#8211; Les hydrolats</em>).</p>

<!-- This site is optimized with the Yoast SEO plugin v15.4 - https://yoast.com/wordpress/plugins/seo/ -->
<title>Hydrolat Verveine odorante (250 ml) - La Ferme des 5 sens</title>
<meta name="description" content="Acheter de l&#039;hydrolat (eau florale) de Verveine odorante bio à une productrice-distillatrice de Corrèze (France)." />
<meta name="robots" content="index, follow, max-snippet:-1, max-image-preview:large, max-video-preview:-1" />
<link rel="canonical" href="https://lafermedes5sens.com/index.php/produit/hydrolat-verveine-odorante-250-ml/" />
<meta property="og:locale" content="fr_FR" />
<meta property="og:type" content="article" />
<meta property="og:title" content="Hydrolat Verveine odorante (250 ml) - La Ferme des 5 sens" />
<meta property="og:description" content="Acheter de l&#039;hydrolat (eau florale) de Verveine odorante bio à une productrice-distillatrice de Corrèze (France)." />
<meta property="og:url" content="https://lafermedes5sens.com/index.php/produit/hydrolat-verveine-odorante-250-ml/" />
<meta property="og:site_name" content="La Ferme des 5 sens" />
<meta property="article:modified_time" content="2025-04-17T13:00:29+00:00" />
<meta property="og:image" content="https://lafermedes5sens.com/wp-content/uploads/2020/01/test_prod_Plan-de-travail-1-1.png" />
	<meta property="og:image:width" content="834" />
	<meta property="og:image:height" content="834" />
<meta name="twitter:card" content="summary_large_image" />
<meta name="twitter:label1" content="Écrit par">
	<meta name="twitter:data1" content="admin5827">
	<meta name="twitter:label2" content="Durée de lecture est.">
	<meta name="twitter:data2" content="2 minutes">
<script type="application/ld+json" class="yoast-schema-graph">{"@context":"https://schema.org","@graph":[{"@type":"WebSite","@id":"https://lafermedes5sens.com/#website","url":"https://lafermedes5sens.com/","name":"La Ferme des 5 sens","description":"","potentialAction":[{"@type":"SearchAction","target":"https://lafermedes5sens.com/?s={search_term_string}","query-input":"required name=search_term_string"}],"inLanguage":"fr-FR"},{"@type":"ImageObject","@id":"https://lafermedes5sens.com/index.php/produit/hydrolat-verveine-odorante-250-ml/#primaryimage","inLanguage":"fr-FR","url":"https://lafermedes5sens.com/wp-content/uploads/2020/01/test_prod_Plan-de-travail-1-1.png","width":834,"height":834},{"@type":"WebPage","@id":"https://lafermedes5sens.com/index.php/produit/hydrolat-verveine-odorante-250-ml/#webpage","url":"https://lafermedes5sens.com/index.php/produit/hydrolat-verveine-odorante-250-ml/","name":"Hydrolat Verveine odorante (250 ml) - La Ferme des 5 sens","isPartOf":{"@id":"https://lafermedes5sens.com/#website"},"primaryImageOfPage":{"@id":"https://lafermedes5sens.com/index.php/produit/hydrolat-verveine-odorante-250-ml/#primaryimage"},"datePublished":"2020-06-17T15:35:36+00:00","dateModified":"2025-04-17T13:00:29+00:00","description":"Acheter de l'hydrolat (eau florale) de Verveine odorante bio \u00e0 une productrice-distillatrice de Corr\u00e8ze (France).","inLanguage":"fr-FR","potentialAction":[{"@type":"ReadAction","target":["https://lafermedes5sens.com/index.php/produit/hydrolat-verveine-odorante-250-ml/"]}]}]}</script>
<!-- / Yoast SEO plugin. -->
