{"id":113,"date":"2020-01-26T21:29:01","date_gmt":"2020-01-26T20:29:01","guid":{"rendered":"http:\/\/lafermedes5sens.com\/?page_id=113"},"modified":"2020-11-04T10:37:44","modified_gmt":"2020-11-04T09:37:44","slug":"les-brebis","status":"publish","type":"page","link":"https:\/\/lafermedes5sens.com\/index.php\/les-brebis\/","title":{"rendered":"Les brebis"},"content":{"rendered":"\t\t<div data-elementor-type=\"wp-page\" data-elementor-id=\"113\" class=\"elementor elementor-113\" data-elementor-settings=\"[]\">\n\t\t\t\t\t\t<div class=\"elementor-inner\">\n\t\t\t\t\t\t\t<div class=\"elementor-section-wrap\">\n\t\t\t\t\t\t\t<section class=\"elementor-section elementor-top-section elementor-element elementor-element-514e4cbb elementor-section-boxed elementor-section-height-default elementor-section-height-default\" data-id=\"514e4cbb\" data-element_type=\"section\">\n\t\t\t\t\t\t<div class=\"elementor-container elementor-column-gap-default\">\n\t\t\t\t\t\t\t<div class=\"elementor-row\">\n\t\t\t\t\t<div class=\"elementor-column elementor-col-100 elementor-top-column elementor-element elementor-element-540c972b\" data-id=\"540c972b\" data-element_type=\"column\">\n\t\t\t<div class=\"elementor-column-wrap elementor-element-populated\">\n\t\t\t\t\t\t\t<div class=\"elementor-widget-wrap\">\n\t\t\t\t\t\t<div class=\"elementor-element elementor-element-25a0fb43 elementor-widget elementor-widget-text-editor\" data-id=\"25a0fb43\" data-element_type=\"widget\" data-widget_type=\"text-editor.default\">\n\t\t\t\t<div class=\"elementor-widget-container\">\n\t\t\t\t\t<div class=\"elementor-text-editor elementor-clearfix\"><p><!-- wp:paragraph --><\/p>\n<p>Nos <b>brebis<\/b>, tout comme nos vaches, sont des <strong>Limousines<\/strong>. Non non, nous ne sommes pas chauvins\u00a0! Simplement, la race limousine est <b>rustique<\/b> et adapt\u00e9e \u00e0 notre terroir.<\/p>\n<p><!-- \/wp:paragraph --><\/p>\n<p><!-- wp:paragraph --><\/p>\n<p>Environ une centaine de <b>brebis<\/b>, leurs <b>agneaux<\/b> et deux b\u00e9liers p\u00e2turent presque toute l&#8217;ann\u00e9e autour de la bergerie. Ils sont rentr\u00e9s durant les mois d\u2019hiver les plus humides car nos terrains ne sont alors pas suffisamment porteurs pour supporter le pi\u00e9tinement du troupeau.<\/p>\n<p><!-- \/wp:paragraph --><\/p>\n<p><!-- wp:paragraph --><\/p>\n<p>Nos <b>agneaux<\/b> sont \u00e9lev\u00e9s au lait de leur m\u00e8re et \u00e0 l&#8217;herbe, puis aux c\u00e9r\u00e9ales de la ferme durant leurs trois derniers mois d\u2019engraissement. Nous vendons ensuite des <strong>colis d&#8217;agneau en direct<\/strong> dans un rayon de 30 km autour de la ferme.<\/p>\n<p><!-- \/wp:paragraph --><\/p>\n<p><!-- wp:paragraph --><\/p>\n<p style=\"text-align: center;\">\u2192 Pour commander un <b>colis d&#8217;agneau<\/b>, <i><a href=\"https:\/\/lafermedes5sens.com\/index.php\/a-propos-de\/\">c&#8217;est par ici<\/a><\/i> !<\/p>\n<p><!-- \/wp:paragraph --><\/p><\/div>\n\t\t\t\t<\/div>\n\t\t\t\t<\/div>\n\t\t\t\t<div class=\"elementor-element elementor-element-af330cd elementor-arrows-position-inside elementor-pagination-position-outside elementor-widget elementor-widget-image-carousel\" data-id=\"af330cd\" data-element_type=\"widget\" data-settings=\"{&quot;slides_to_show&quot;:&quot;3&quot;,&quot;navigation&quot;:&quot;both&quot;,&quot;autoplay&quot;:&quot;yes&quot;,&quot;pause_on_hover&quot;:&quot;yes&quot;,&quot;pause_on_interaction&quot;:&quot;yes&quot;,&quot;autoplay_speed&quot;:5000,&quot;infinite&quot;:&quot;yes&quot;,&quot;speed&quot;:500}\" data-widget_type=\"image-carousel.default\">\n\t\t\t\t<div class=\"elementor-widget-container\">\n\t\t\t\t\t<div class=\"elementor-image-carousel-wrapper swiper-container\" dir=\"ltr\">\n\t\t\t<div class=\"elementor-image-carousel swiper-wrapper\">\n\t\t\t\t<div class=\"swiper-slide\"><figure class=\"swiper-slide-inner\"><img class=\"swiper-slide-image\" src=\"https:\/\/lafermedes5sens.com\/wp-content\/uploads\/2020\/04\/P1130099-250x250.jpg\" alt=\"Chien berger australien et brebis\" \/><\/figure><\/div><div class=\"swiper-slide\"><figure class=\"swiper-slide-inner\"><img class=\"swiper-slide-image\" src=\"https:\/\/lafermedes5sens.com\/wp-content\/uploads\/2020\/04\/P1150724-250x250.jpg\" alt=\"Agneau\" \/><\/figure><\/div><div class=\"swiper-slide\"><figure class=\"swiper-slide-inner\"><img class=\"swiper-slide-image\" src=\"https:\/\/lafermedes5sens.com\/wp-content\/uploads\/2020\/04\/P1130066-250x250.jpg\" alt=\"Brebis\" \/><\/figure><\/div><div class=\"swiper-slide\"><figure class=\"swiper-slide-inner\"><img class=\"swiper-slide-image\" src=\"https:\/\/lafermedes5sens.com\/wp-content\/uploads\/2020\/04\/P1130397-250x250.jpg\" alt=\"Eleveur et agneau\" \/><\/figure><\/div><div class=\"swiper-slide\"><figure class=\"swiper-slide-inner\"><img class=\"swiper-slide-image\" src=\"https:\/\/lafermedes5sens.com\/wp-content\/uploads\/2020\/04\/P1150721-250x250.jpg\" alt=\"Brebis \u00e0 la bergerie\" \/><\/figure><\/div><div class=\"swiper-slide\"><figure class=\"swiper-slide-inner\"><img class=\"swiper-slide-image\" src=\"https:\/\/lafermedes5sens.com\/wp-content\/uploads\/2020\/04\/P1130092-250x250.jpg\" alt=\"Eleveur et brebis\" \/><\/figure><\/div><div class=\"swiper-slide\"><figure class=\"swiper-slide-inner\"><img class=\"swiper-slide-image\" src=\"https:\/\/lafermedes5sens.com\/wp-content\/uploads\/2020\/04\/P1130428-250x250.jpg\" alt=\"Agneau\" \/><\/figure><\/div><div class=\"swiper-slide\"><figure class=\"swiper-slide-inner\"><img class=\"swiper-slide-image\" src=\"https:\/\/lafermedes5sens.com\/wp-content\/uploads\/2020\/04\/IMG_0455-1-250x250.jpg\" alt=\"Brebis au pr\u00e9\" \/><\/figure><\/div><div class=\"swiper-slide\"><figure class=\"swiper-slide-inner\"><img class=\"swiper-slide-image\" src=\"https:\/\/lafermedes5sens.com\/wp-content\/uploads\/2020\/01\/IMG_0195-250x250.jpg\" alt=\"Chien Berger australien et brebis\" \/><\/figure><\/div><div class=\"swiper-slide\"><figure class=\"swiper-slide-inner\"><img class=\"swiper-slide-image\" src=\"https:\/\/lafermedes5sens.com\/wp-content\/uploads\/2020\/04\/IMG_0490-250x250.jpg\" alt=\"Eleveur et brebis\" \/><\/figure><\/div>\t\t\t<\/div>\n\t\t\t\t\t\t\t\t\t\t\t\t<div class=\"swiper-pagination\"><\/div>\n\t\t\t\t\t\t\t\t\t\t\t\t\t<div class=\"elementor-swiper-button elementor-swiper-button-prev\">\n\t\t\t\t\t\t<i class=\"eicon-chevron-left\" aria-hidden=\"true\"><\/i>\n\t\t\t\t\t\t<span class=\"elementor-screen-only\">Pr\u00e9c\u00e9dent<\/span>\n\t\t\t\t\t<\/div>\n\t\t\t\t\t<div class=\"elementor-swiper-button elementor-swiper-button-next\">\n\t\t\t\t\t\t<i class=\"eicon-chevron-right\" aria-hidden=\"true\"><\/i>\n\t\t\t\t\t\t<span class=\"elementor-screen-only\">Suivant<\/span>\n\t\t\t\t\t<\/div>\n\t\t\t\t\t\t\t\t\t<\/div>\n\t\t\t\t<\/div>\n\t\t\t\t<\/div>\n\t\t\t\t\t\t<\/div>\n\t\t\t\t\t<\/div>\n\t\t<\/div>\n\t\t\t\t\t\t\t\t<\/div>\n\t\t\t\t\t<\/div>\n\t\t<\/section>\n\t\t\t\t\t\t<\/div>\n\t\t\t\t\t\t<\/div>\n\t\t\t\t\t<\/div>\n\t\t","protected":false},"excerpt":{"rendered":"<p>Nos brebis, tout comme nos vaches, sont des Limousines. Non non, nous ne sommes pas chauvins\u00a0! Simplement, la race limousine est rustique et adapt\u00e9e \u00e0 notre terroir. Environ une centaine de brebis, leurs agneaux et deux b\u00e9liers p\u00e2turent presque toute l&#8217;ann\u00e9e autour de la bergerie. Ils sont rentr\u00e9s durant les mois d\u2019hiver les plus humides &hellip; <\/p>\n<p class=\"link-more\"><a href=\"https:\/\/lafermedes5sens.com\/index.php\/les-brebis\/\" class=\"more-link\">Continuer la lecture<span class=\"screen-reader-text\"> de &laquo;&nbsp;Les brebis&nbsp;&raquo;<\/span><\/a><\/p>\n","protected":false},"author":1,"featured_media":339,"parent":0,"menu_order":0,"comment_status":"closed","ping_status":"closed","template":"","meta":[],"yoast_head":"<!-- This site is optimized with the Yoast SEO plugin v15.4 - https:\/\/yoast.com\/wordpress\/plugins\/seo\/ -->\n<title>Les brebis - La Ferme des 5 sens<\/title>\n<meta name=\"description\" content=\"Notre troupeau compte une centaine de brebis limousines ainsi que leurs agneaux et deux b\u00e9liers. Ils sont au pr\u00e9 la plus grande partie de l&#039;ann\u00e9e !\" \/>\n<meta name=\"robots\" content=\"index, follow, max-snippet:-1, max-image-preview:large, max-video-preview:-1\" \/>\n<link rel=\"canonical\" href=\"https:\/\/lafermedes5sens.com\/index.php\/les-brebis\/\" \/>\n<meta property=\"og:locale\" content=\"fr_FR\" \/>\n<meta property=\"og:type\" content=\"article\" \/>\n<meta property=\"og:title\" content=\"Les brebis - La Ferme des 5 sens\" \/>\n<meta property=\"og:description\" content=\"Notre troupeau compte une centaine de brebis limousines ainsi que leurs agneaux et deux b\u00e9liers. Ils sont au pr\u00e9 la plus grande partie de l&#039;ann\u00e9e !\" \/>\n<meta property=\"og:url\" content=\"https:\/\/lafermedes5sens.com\/index.php\/les-brebis\/\" \/>\n<meta property=\"og:site_name\" content=\"La Ferme des 5 sens\" \/>\n<meta property=\"article:modified_time\" content=\"2020-11-04T09:37:44+00:00\" \/>\n<meta property=\"og:image\" content=\"https:\/\/lafermedes5sens.com\/wp-content\/uploads\/2020\/04\/IMG_0455-1.jpg\" \/>\n\t<meta property=\"og:image:width\" content=\"2448\" \/>\n\t<meta property=\"og:image:height\" content=\"2448\" \/>\n<meta name=\"twitter:card\" content=\"summary_large_image\" \/>\n<meta name=\"twitter:label1\" content=\"\u00c9crit par\">\n\t<meta name=\"twitter:data1\" content=\"admin5827\">\n\t<meta name=\"twitter:label2\" content=\"Dur\u00e9e de lecture est.\">\n\t<meta name=\"twitter:data2\" content=\"1 minute\">\n<script type=\"application\/ld+json\" class=\"yoast-schema-graph\">{\"@context\":\"https:\/\/schema.org\",\"@graph\":[{\"@type\":\"WebSite\",\"@id\":\"https:\/\/lafermedes5sens.com\/#website\",\"url\":\"https:\/\/lafermedes5sens.com\/\",\"name\":\"La Ferme des 5 sens\",\"description\":\"\",\"potentialAction\":[{\"@type\":\"SearchAction\",\"target\":\"https:\/\/lafermedes5sens.com\/?s={search_term_string}\",\"query-input\":\"required name=search_term_string\"}],\"inLanguage\":\"fr-FR\"},{\"@type\":\"ImageObject\",\"@id\":\"https:\/\/lafermedes5sens.com\/index.php\/les-brebis\/#primaryimage\",\"inLanguage\":\"fr-FR\",\"url\":\"https:\/\/lafermedes5sens.com\/wp-content\/uploads\/2020\/04\/IMG_0455-1.jpg\",\"width\":2448,\"height\":2448,\"caption\":\"Brebis au pr\\u00e9\"},{\"@type\":\"WebPage\",\"@id\":\"https:\/\/lafermedes5sens.com\/index.php\/les-brebis\/#webpage\",\"url\":\"https:\/\/lafermedes5sens.com\/index.php\/les-brebis\/\",\"name\":\"Les brebis - La Ferme des 5 sens\",\"isPartOf\":{\"@id\":\"https:\/\/lafermedes5sens.com\/#website\"},\"primaryImageOfPage\":{\"@id\":\"https:\/\/lafermedes5sens.com\/index.php\/les-brebis\/#primaryimage\"},\"datePublished\":\"2020-01-26T20:29:01+00:00\",\"dateModified\":\"2020-11-04T09:37:44+00:00\",\"description\":\"Notre troupeau compte une centaine de brebis limousines ainsi que leurs agneaux et deux b\\u00e9liers. Ils sont au pr\\u00e9 la plus grande partie de l'ann\\u00e9e !\",\"inLanguage\":\"fr-FR\",\"potentialAction\":[{\"@type\":\"ReadAction\",\"target\":[\"https:\/\/lafermedes5sens.com\/index.php\/les-brebis\/\"]}]}]}<\/script>\n<!-- \/ Yoast SEO plugin. -->","_links":{"self":[{"href":"https:\/\/lafermedes5sens.com\/index.php\/wp-json\/wp\/v2\/pages\/113"}],"collection":[{"href":"https:\/\/lafermedes5sens.com\/index.php\/wp-json\/wp\/v2\/pages"}],"about":[{"href":"https:\/\/lafermedes5sens.com\/index.php\/wp-json\/wp\/v2\/types\/page"}],"author":[{"embeddable":true,"href":"https:\/\/lafermedes5sens.com\/index.php\/wp-json\/wp\/v2\/users\/1"}],"replies":[{"embeddable":true,"href":"https:\/\/lafermedes5sens.com\/index.php\/wp-json\/wp\/v2\/comments?post=113"}],"version-history":[{"count":10,"href":"https:\/\/lafermedes5sens.com\/index.php\/wp-json\/wp\/v2\/pages\/113\/revisions"}],"predecessor-version":[{"id":589,"href":"https:\/\/lafermedes5sens.com\/index.php\/wp-json\/wp\/v2\/pages\/113\/revisions\/589"}],"wp:featuredmedia":[{"embeddable":true,"href":"https:\/\/lafermedes5sens.com\/index.php\/wp-json\/wp\/v2\/media\/339"}],"wp:attachment":[{"href":"https:\/\/lafermedes5sens.com\/index.php\/wp-json\/wp\/v2\/media?parent=113"}],"curies":[{"name":"wp","href":"https:\/\/api.w.org\/{rel}","templated":true}]}}

<div data-elementor-type="wp-page" data-elementor-id="113" class="elementor elementor-113" data-elementor-settings="[]">
						<div class="elementor-inner">
							<div class="elementor-section-wrap">
							<section class="elementor-section elementor-top-section elementor-element elementor-element-514e4cbb elementor-section-boxed elementor-section-height-default elementor-section-height-default" data-id="514e4cbb" data-element_type="section">
						<div class="elementor-container elementor-column-gap-default">
							<div class="elementor-row">
					<div class="elementor-column elementor-col-100 elementor-top-column elementor-element elementor-element-540c972b" data-id="540c972b" data-element_type="column">
			<div class="elementor-column-wrap elementor-element-populated">
							<div class="elementor-widget-wrap">
						<div class="elementor-element elementor-element-25a0fb43 elementor-widget elementor-widget-text-editor" data-id="25a0fb43" data-element_type="widget" data-widget_type="text-editor.default">
				<div class="elementor-widget-container">
					<div class="elementor-text-editor elementor-clearfix"><p><!-- wp:paragraph --></p>
<p>Nos <b>brebis</b>, tout comme nos vaches, sont des <strong>Limousines</strong>. Non non, nous ne sommes pas chauvins ! Simplement, la race limousine est <b>rustique</b> et adaptée à notre terroir.</p>
<p><!-- /wp:paragraph --></p>
<p><!-- wp:paragraph --></p>
<p>Environ une centaine de <b>brebis</b>, leurs <b>agneaux</b> et deux béliers pâturent presque toute l&#8217;année autour de la bergerie. Ils sont rentrés durant les mois d’hiver les plus humides car nos terrains ne sont alors pas suffisamment porteurs pour supporter le piétinement du troupeau.</p>
<p><!-- /wp:paragraph --></p>
<p><!-- wp:paragraph --></p>
<p>Nos <b>agneaux</b> sont élevés au lait de leur mère et à l&#8217;herbe, puis aux céréales de la ferme durant leurs trois derniers mois d’engraissement. Nous vendons ensuite des <strong>colis d&#8217;agneau en direct</strong> dans un rayon de 30 km autour de la ferme.</p>
<p><!-- /wp:paragraph --></p>
<p><!-- wp:paragraph --></p>
<p style="text-align: center;">→ Pour commander un <b>colis d&#8217;agneau</b>, <i><a href="https://lafermedes5sens.com/index.php/a-propos-de/">c&#8217;est par ici</a></i> !</p>
<p><!-- /wp:paragraph --></p></div>
				</div>
				</div>
				<div class="elementor-element elementor-element-af330cd elementor-arrows-position-inside elementor-pagination-position-outside elementor-widget elementor-widget-image-carousel" data-id="af330cd" data-element_type="widget" data-settings="{&quot;slides_to_show&quot;:&quot;3&quot;,&quot;navigation&quot;:&quot;both&quot;,&quot;autoplay&quot;:&quot;yes&quot;,&quot;pause_on_hover&quot;:&quot;yes&quot;,&quot;pause_on_interaction&quot;:&quot;yes&quot;,&quot;autoplay_speed&quot;:5000,&quot;infinite&quot;:&quot;yes&quot;,&quot;speed&quot;:500}" data-widget_type="image-carousel.default">
				<div class="elementor-widget-container">
					<div class="elementor-image-carousel-wrapper swiper-container" dir="ltr">
			<div class="elementor-image-carousel swiper-wrapper">
				<div class="swiper-slide"><figure class="swiper-slide-inner"><img class="swiper-slide-image" src="https://lafermedes5sens.com/wp-content/uploads/2020/04/P1130099-250x250.jpg" alt="Chien berger australien et brebis" /></figure></div><div class="swiper-slide"><figure class="swiper-slide-inner"><img class="swiper-slide-image" src="https://lafermedes5sens.com/wp-content/uploads/2020/04/P1150724-250x250.jpg" alt="Agneau" /></figure></div><div class="swiper-slide"><figure class="swiper-slide-inner"><img class="swiper-slide-image" src="https://lafermedes5sens.com/wp-content/uploads/2020/04/P1130066-250x250.jpg" alt="Brebis" /></figure></div><div class="swiper-slide"><figure class="swiper-slide-inner"><img class="swiper-slide-image" src="https://lafermedes5sens.com/wp-content/uploads/2020/04/P1130397-250x250.jpg" alt="Eleveur et agneau" /></figure></div><div class="swiper-slide"><figure class="swiper-slide-inner"><img class="swiper-slide-image" src="https://lafermedes5sens.com/wp-content/uploads/2020/04/P1150721-250x250.jpg" alt="Brebis à la bergerie" /></figure></div><div class="swiper-slide"><figure class="swiper-slide-inner"><img class="swiper-slide-image" src="https://lafermedes5sens.com/wp-content/uploads/2020/04/P1130092-250x250.jpg" alt="Eleveur et brebis" /></figure></div><div class="swiper-slide"><figure class="swiper-slide-inner"><img class="swiper-slide-image" src="https://lafermedes5sens.com/wp-content/uploads/2020/04/P1130428-250x250.jpg" alt="Agneau" /></figure></div><div class="swiper-slide"><figure class="swiper-slide-inner"><img class="swiper-slide-image" src="https://lafermedes5sens.com/wp-content/uploads/2020/04/IMG_0455-1-250x250.jpg" alt="Brebis au pré" /></figure></div><div class="swiper-slide"><figure class="swiper-slide-inner"><img class="swiper-slide-image" src="https://lafermedes5sens.com/wp-content/uploads/2020/01/IMG_0195-250x250.jpg" alt="Chien Berger australien et brebis" /></figure></div><div class="swiper-slide"><figure class="swiper-slide-inner"><img class="swiper-slide-image" src="https://lafermedes5sens.com/wp-content/uploads/2020/04/IMG_0490-250x250.jpg" alt="Eleveur et brebis" /></figure></div>			</div>
												<div class="swiper-pagination"></div>
													<div class="elementor-swiper-button elementor-swiper-button-prev">
						<i class="eicon-chevron-left" aria-hidden="true"></i>
						<span class="elementor-screen-only">Précédent</span>
					</div>
					<div class="elementor-swiper-button elementor-swiper-button-next">
						<i class="eicon-chevron-right" aria-hidden="true"></i>
						<span class="elementor-screen-only">Suivant</span>
					</div>
									</div>
				</div>
				</div>
						</div>
					</div>
		</div>
								</div>
					</div>
		</section>
						</div>
						</div>
					</div>

<p>Nos brebis, tout comme nos vaches, sont des Limousines. Non non, nous ne sommes pas chauvins ! Simplement, la race limousine est rustique et adaptée à notre terroir. Environ une centaine de brebis, leurs agneaux et deux béliers pâturent presque toute l&#8217;année autour de la bergerie. Ils sont rentrés durant les mois d’hiver les plus humides &hellip; </p>
<p class="link-more"><a href="https://lafermedes5sens.com/index.php/les-brebis/" class="more-link">Continuer la lecture<span class="screen-reader-text"> de &laquo;&nbsp;Les brebis&nbsp;&raquo;</span></a></p>

<!-- This site is optimized with the Yoast SEO plugin v15.4 - https://yoast.com/wordpress/plugins/seo/ -->
<title>Les brebis - La Ferme des 5 sens</title>
<meta name="description" content="Notre troupeau compte une centaine de brebis limousines ainsi que leurs agneaux et deux béliers. Ils sont au pré la plus grande partie de l&#039;année !" />
<meta name="robots" content="index, follow, max-snippet:-1, max-image-preview:large, max-video-preview:-1" />
<link rel="canonical" href="https://lafermedes5sens.com/index.php/les-brebis/" />
<meta property="og:locale" content="fr_FR" />
<meta property="og:type" content="article" />
<meta property="og:title" content="Les brebis - La Ferme des 5 sens" />
<meta property="og:description" content="Notre troupeau compte une centaine de brebis limousines ainsi que leurs agneaux et deux béliers. Ils sont au pré la plus grande partie de l&#039;année !" />
<meta property="og:url" content="https://lafermedes5sens.com/index.php/les-brebis/" />
<meta property="og:site_name" content="La Ferme des 5 sens" />
<meta property="article:modified_time" content="2020-11-04T09:37:44+00:00" />
<meta property="og:image" content="https://lafermedes5sens.com/wp-content/uploads/2020/04/IMG_0455-1.jpg" />
	<meta property="og:image:width" content="2448" />
	<meta property="og:image:height" content="2448" />
<meta name="twitter:card" content="summary_large_image" />
<meta name="twitter:label1" content="Écrit par">
	<meta name="twitter:data1" content="admin5827">
	<meta name="twitter:label2" content="Durée de lecture est.">
	<meta name="twitter:data2" content="1 minute">
<script type="application/ld+json" class="yoast-schema-graph">{"@context":"https://schema.org","@graph":[{"@type":"WebSite","@id":"https://lafermedes5sens.com/#website","url":"https://lafermedes5sens.com/","name":"La Ferme des 5 sens","description":"","potentialAction":[{"@type":"SearchAction","target":"https://lafermedes5sens.com/?s={search_term_string}","query-input":"required name=search_term_string"}],"inLanguage":"fr-FR"},{"@type":"ImageObject","@id":"https://lafermedes5sens.com/index.php/les-brebis/#primaryimage","inLanguage":"fr-FR","url":"https://lafermedes5sens.com/wp-content/uploads/2020/04/IMG_0455-1.jpg","width":2448,"height":2448,"caption":"Brebis au pr\u00e9"},{"@type":"WebPage","@id":"https://lafermedes5sens.com/index.php/les-brebis/#webpage","url":"https://lafermedes5sens.com/index.php/les-brebis/","name":"Les brebis - La Ferme des 5 sens","isPartOf":{"@id":"https://lafermedes5sens.com/#website"},"primaryImageOfPage":{"@id":"https://lafermedes5sens.com/index.php/les-brebis/#primaryimage"},"datePublished":"2020-01-26T20:29:01+00:00","dateModified":"2020-11-04T09:37:44+00:00","description":"Notre troupeau compte une centaine de brebis limousines ainsi que leurs agneaux et deux b\u00e9liers. Ils sont au pr\u00e9 la plus grande partie de l'ann\u00e9e !","inLanguage":"fr-FR","potentialAction":[{"@type":"ReadAction","target":["https://lafermedes5sens.com/index.php/les-brebis/"]}]}]}</script>
<!-- / Yoast SEO plugin. -->
