{"id":11,"date":"2020-01-26T20:01:34","date_gmt":"2020-01-26T19:01:34","guid":{"rendered":"http:\/\/lafermedes5sens.com\/?page_id=11"},"modified":"2021-05-25T17:38:19","modified_gmt":"2021-05-25T15:38:19","slug":"contact","status":"publish","type":"page","link":"https:\/\/lafermedes5sens.com\/index.php\/contact\/","title":{"rendered":"Contact"},"content":{"rendered":"\t\t<div data-elementor-type=\"wp-page\" data-elementor-id=\"11\" class=\"elementor elementor-11\" data-elementor-settings=\"[]\">\n\t\t\t\t\t\t<div class=\"elementor-inner\">\n\t\t\t\t\t\t\t<div class=\"elementor-section-wrap\">\n\t\t\t\t\t\t\t<section class=\"elementor-section elementor-top-section elementor-element elementor-element-88c95fe elementor-section-boxed elementor-section-height-default elementor-section-height-default\" data-id=\"88c95fe\" data-element_type=\"section\">\n\t\t\t\t\t\t<div class=\"elementor-container elementor-column-gap-default\">\n\t\t\t\t\t\t\t<div class=\"elementor-row\">\n\t\t\t\t\t<div class=\"elementor-column elementor-col-33 elementor-top-column elementor-element elementor-element-8cd9b0a\" data-id=\"8cd9b0a\" data-element_type=\"column\">\n\t\t\t<div class=\"elementor-column-wrap elementor-element-populated\">\n\t\t\t\t\t\t\t<div class=\"elementor-widget-wrap\">\n\t\t\t\t\t\t<div class=\"elementor-element elementor-element-e7d5134 elementor-widget elementor-widget-text-editor\" data-id=\"e7d5134\" data-element_type=\"widget\" data-widget_type=\"text-editor.default\">\n\t\t\t\t<div class=\"elementor-widget-container\">\n\t\t\t\t\t<div class=\"elementor-text-editor elementor-clearfix\"><h3><span style=\"color: #ff6600;\">Nous t\u00e9l\u00e9phoner :<\/span><\/h3><p>Flavie : 07 80 42 26 95<br \/>Mathieu : 07 70 32 42 89<br \/>Ga\u00ebl : 06 23 41 30 17<\/p><\/div>\n\t\t\t\t<\/div>\n\t\t\t\t<\/div>\n\t\t\t\t\t\t<\/div>\n\t\t\t\t\t<\/div>\n\t\t<\/div>\n\t\t\t\t<div class=\"elementor-column elementor-col-33 elementor-top-column elementor-element elementor-element-69a9373\" data-id=\"69a9373\" data-element_type=\"column\">\n\t\t\t<div class=\"elementor-column-wrap elementor-element-populated\">\n\t\t\t\t\t\t\t<div class=\"elementor-widget-wrap\">\n\t\t\t\t\t\t<div class=\"elementor-element elementor-element-abd4ef0 elementor-widget elementor-widget-text-editor\" data-id=\"abd4ef0\" data-element_type=\"widget\" data-widget_type=\"text-editor.default\">\n\t\t\t\t<div class=\"elementor-widget-container\">\n\t\t\t\t\t<div class=\"elementor-text-editor elementor-clearfix\"><h3 style=\"text-align: center;\"><span style=\"color: #ff6600;\">Nous contacter par mail :<\/span><\/h3><p>lafermedes5sens@laposte.net<\/p><\/div>\n\t\t\t\t<\/div>\n\t\t\t\t<\/div>\n\t\t\t\t\t\t<\/div>\n\t\t\t\t\t<\/div>\n\t\t<\/div>\n\t\t\t\t<div class=\"elementor-column elementor-col-33 elementor-top-column elementor-element elementor-element-a05c6f4\" data-id=\"a05c6f4\" data-element_type=\"column\">\n\t\t\t<div class=\"elementor-column-wrap elementor-element-populated\">\n\t\t\t\t\t\t\t<div class=\"elementor-widget-wrap\">\n\t\t\t\t\t\t<div class=\"elementor-element elementor-element-319f492 elementor-widget elementor-widget-text-editor\" data-id=\"319f492\" data-element_type=\"widget\" data-widget_type=\"text-editor.default\">\n\t\t\t\t<div class=\"elementor-widget-container\">\n\t\t\t\t\t<div class=\"elementor-text-editor elementor-clearfix\"><h3 style=\"text-align: center;\"><span style=\"color: #ff6600;\">Pour nous envoyer des cartes postales :<\/span><\/h3><p style=\"text-align: center;\"><span style=\"font-size: 1rem;\">La ferme des 5 sens<br \/>5 impasse des Lavandes &#8211; Bonneval &#8211; 19120 PUY D&#8217;ARNAC<\/span><\/p><\/div>\n\t\t\t\t<\/div>\n\t\t\t\t<\/div>\n\t\t\t\t\t\t<\/div>\n\t\t\t\t\t<\/div>\n\t\t<\/div>\n\t\t\t\t\t\t\t\t<\/div>\n\t\t\t\t\t<\/div>\n\t\t<\/section>\n\t\t\t\t\t\t<\/div>\n\t\t\t\t\t\t<\/div>\n\t\t\t\t\t<\/div>\n\t\t","protected":false},"excerpt":{"rendered":"<p>Nous t\u00e9l\u00e9phoner : Flavie : 07 80 42 26 95Mathieu : 07 70 32 42 89Ga\u00ebl : 06 23 41 30 17 Nous contacter par mail : lafermedes5sens@laposte.net Pour nous envoyer des cartes postales : La ferme des 5 sens5 impasse des Lavandes &#8211; Bonneval &#8211; 19120 PUY D&#8217;ARNAC<\/p>\n","protected":false},"author":1,"featured_media":324,"parent":0,"menu_order":0,"comment_status":"closed","ping_status":"closed","template":"","meta":[],"yoast_head":"<!-- This site is optimized with the Yoast SEO plugin v15.4 - https:\/\/yoast.com\/wordpress\/plugins\/seo\/ -->\n<title>Contact - La Ferme des 5 sens<\/title>\n<meta name=\"description\" content=\"Retrouvez toutes nos coordonn\u00e9es pour pouvoir nous contacter par mail ou par t\u00e9l\u00e9phone. Vous pouvez aussi venir \u00e0 la ferme nous rencontrer !\" \/>\n<meta name=\"robots\" content=\"index, follow, max-snippet:-1, max-image-preview:large, max-video-preview:-1\" \/>\n<link rel=\"canonical\" href=\"https:\/\/lafermedes5sens.com\/index.php\/contact\/\" \/>\n<meta property=\"og:locale\" content=\"fr_FR\" \/>\n<meta property=\"og:type\" content=\"article\" \/>\n<meta property=\"og:title\" content=\"Contact - La Ferme des 5 sens\" \/>\n<meta property=\"og:description\" content=\"Retrouvez toutes nos coordonn\u00e9es pour pouvoir nous contacter par mail ou par t\u00e9l\u00e9phone. Vous pouvez aussi venir \u00e0 la ferme nous rencontrer !\" \/>\n<meta property=\"og:url\" content=\"https:\/\/lafermedes5sens.com\/index.php\/contact\/\" \/>\n<meta property=\"og:site_name\" content=\"La Ferme des 5 sens\" \/>\n<meta property=\"article:modified_time\" content=\"2021-05-25T15:38:19+00:00\" \/>\n<meta property=\"og:image\" content=\"https:\/\/lafermedes5sens.com\/wp-content\/uploads\/2020\/04\/P1150573-scaled.jpg\" \/>\n\t<meta property=\"og:image:width\" content=\"2560\" \/>\n\t<meta property=\"og:image:height\" content=\"1439\" \/>\n<meta name=\"twitter:card\" content=\"summary_large_image\" \/>\n<meta name=\"twitter:label1\" content=\"\u00c9crit par\">\n\t<meta name=\"twitter:data1\" content=\"admin5827\">\n\t<meta name=\"twitter:label2\" content=\"Dur\u00e9e de lecture est.\">\n\t<meta name=\"twitter:data2\" content=\"0 minute\">\n<script type=\"application\/ld+json\" class=\"yoast-schema-graph\">{\"@context\":\"https:\/\/schema.org\",\"@graph\":[{\"@type\":\"WebSite\",\"@id\":\"https:\/\/lafermedes5sens.com\/#website\",\"url\":\"https:\/\/lafermedes5sens.com\/\",\"name\":\"La Ferme des 5 sens\",\"description\":\"\",\"potentialAction\":[{\"@type\":\"SearchAction\",\"target\":\"https:\/\/lafermedes5sens.com\/?s={search_term_string}\",\"query-input\":\"required name=search_term_string\"}],\"inLanguage\":\"fr-FR\"},{\"@type\":\"ImageObject\",\"@id\":\"https:\/\/lafermedes5sens.com\/index.php\/contact\/#primaryimage\",\"inLanguage\":\"fr-FR\",\"url\":\"https:\/\/lafermedes5sens.com\/wp-content\/uploads\/2020\/04\/P1150573-scaled.jpg\",\"width\":2560,\"height\":1439,\"caption\":\"Papillon dans Lavande\"},{\"@type\":\"WebPage\",\"@id\":\"https:\/\/lafermedes5sens.com\/index.php\/contact\/#webpage\",\"url\":\"https:\/\/lafermedes5sens.com\/index.php\/contact\/\",\"name\":\"Contact - La Ferme des 5 sens\",\"isPartOf\":{\"@id\":\"https:\/\/lafermedes5sens.com\/#website\"},\"primaryImageOfPage\":{\"@id\":\"https:\/\/lafermedes5sens.com\/index.php\/contact\/#primaryimage\"},\"datePublished\":\"2020-01-26T19:01:34+00:00\",\"dateModified\":\"2021-05-25T15:38:19+00:00\",\"description\":\"Retrouvez toutes nos coordonn\\u00e9es pour pouvoir nous contacter par mail ou par t\\u00e9l\\u00e9phone. Vous pouvez aussi venir \\u00e0 la ferme nous rencontrer !\",\"inLanguage\":\"fr-FR\",\"potentialAction\":[{\"@type\":\"ReadAction\",\"target\":[\"https:\/\/lafermedes5sens.com\/index.php\/contact\/\"]}]}]}<\/script>\n<!-- \/ Yoast SEO plugin. -->","_links":{"self":[{"href":"https:\/\/lafermedes5sens.com\/index.php\/wp-json\/wp\/v2\/pages\/11"}],"collection":[{"href":"https:\/\/lafermedes5sens.com\/index.php\/wp-json\/wp\/v2\/pages"}],"about":[{"href":"https:\/\/lafermedes5sens.com\/index.php\/wp-json\/wp\/v2\/types\/page"}],"author":[{"embeddable":true,"href":"https:\/\/lafermedes5sens.com\/index.php\/wp-json\/wp\/v2\/users\/1"}],"replies":[{"embeddable":true,"href":"https:\/\/lafermedes5sens.com\/index.php\/wp-json\/wp\/v2\/comments?post=11"}],"version-history":[{"count":12,"href":"https:\/\/lafermedes5sens.com\/index.php\/wp-json\/wp\/v2\/pages\/11\/revisions"}],"predecessor-version":[{"id":655,"href":"https:\/\/lafermedes5sens.com\/index.php\/wp-json\/wp\/v2\/pages\/11\/revisions\/655"}],"wp:featuredmedia":[{"embeddable":true,"href":"https:\/\/lafermedes5sens.com\/index.php\/wp-json\/wp\/v2\/media\/324"}],"wp:attachment":[{"href":"https:\/\/lafermedes5sens.com\/index.php\/wp-json\/wp\/v2\/media?parent=11"}],"curies":[{"name":"wp","href":"https:\/\/api.w.org\/{rel}","templated":true}]}}

<div data-elementor-type="wp-page" data-elementor-id="11" class="elementor elementor-11" data-elementor-settings="[]">
						<div class="elementor-inner">
							<div class="elementor-section-wrap">
							<section class="elementor-section elementor-top-section elementor-element elementor-element-88c95fe elementor-section-boxed elementor-section-height-default elementor-section-height-default" data-id="88c95fe" data-element_type="section">
						<div class="elementor-container elementor-column-gap-default">
							<div class="elementor-row">
					<div class="elementor-column elementor-col-33 elementor-top-column elementor-element elementor-element-8cd9b0a" data-id="8cd9b0a" data-element_type="column">
			<div class="elementor-column-wrap elementor-element-populated">
							<div class="elementor-widget-wrap">
						<div class="elementor-element elementor-element-e7d5134 elementor-widget elementor-widget-text-editor" data-id="e7d5134" data-element_type="widget" data-widget_type="text-editor.default">
				<div class="elementor-widget-container">
					<div class="elementor-text-editor elementor-clearfix"><h3><span style="color: #ff6600;">Nous téléphoner :</span></h3><p>Flavie : 07 80 42 26 95<br />Mathieu : 07 70 32 42 89<br />Gaël : 06 23 41 30 17</p></div>
				</div>
				</div>
						</div>
					</div>
		</div>
				<div class="elementor-column elementor-col-33 elementor-top-column elementor-element elementor-element-69a9373" data-id="69a9373" data-element_type="column">
			<div class="elementor-column-wrap elementor-element-populated">
							<div class="elementor-widget-wrap">
						<div class="elementor-element elementor-element-abd4ef0 elementor-widget elementor-widget-text-editor" data-id="abd4ef0" data-element_type="widget" data-widget_type="text-editor.default">
				<div class="elementor-widget-container">
					<div class="elementor-text-editor elementor-clearfix"><h3 style="text-align: center;"><span style="color: #ff6600;">Nous contacter par mail :</span></h3><p>lafermedes5sens@laposte.net</p></div>
				</div>
				</div>
						</div>
					</div>
		</div>
				<div class="elementor-column elementor-col-33 elementor-top-column elementor-element elementor-element-a05c6f4" data-id="a05c6f4" data-element_type="column">
			<div class="elementor-column-wrap elementor-element-populated">
							<div class="elementor-widget-wrap">
						<div class="elementor-element elementor-element-319f492 elementor-widget elementor-widget-text-editor" data-id="319f492" data-element_type="widget" data-widget_type="text-editor.default">
				<div class="elementor-widget-container">
					<div class="elementor-text-editor elementor-clearfix"><h3 style="text-align: center;"><span style="color: #ff6600;">Pour nous envoyer des cartes postales :</span></h3><p style="text-align: center;"><span style="font-size: 1rem;">La ferme des 5 sens<br />5 impasse des Lavandes &#8211; Bonneval &#8211; 19120 PUY D&#8217;ARNAC</span></p></div>
				</div>
				</div>
						</div>
					</div>
		</div>
								</div>
					</div>
		</section>
						</div>
						</div>
					</div>

<p>Nous téléphoner : Flavie : 07 80 42 26 95Mathieu : 07 70 32 42 89Gaël : 06 23 41 30 17 Nous contacter par mail : lafermedes5sens@laposte.net Pour nous envoyer des cartes postales : La ferme des 5 sens5 impasse des Lavandes &#8211; Bonneval &#8211; 19120 PUY D&#8217;ARNAC</p>

<!-- This site is optimized with the Yoast SEO plugin v15.4 - https://yoast.com/wordpress/plugins/seo/ -->
<title>Contact - La Ferme des 5 sens</title>
<meta name="description" content="Retrouvez toutes nos coordonnées pour pouvoir nous contacter par mail ou par téléphone. Vous pouvez aussi venir à la ferme nous rencontrer !" />
<meta name="robots" content="index, follow, max-snippet:-1, max-image-preview:large, max-video-preview:-1" />
<link rel="canonical" href="https://lafermedes5sens.com/index.php/contact/" />
<meta property="og:locale" content="fr_FR" />
<meta property="og:type" content="article" />
<meta property="og:title" content="Contact - La Ferme des 5 sens" />
<meta property="og:description" content="Retrouvez toutes nos coordonnées pour pouvoir nous contacter par mail ou par téléphone. Vous pouvez aussi venir à la ferme nous rencontrer !" />
<meta property="og:url" content="https://lafermedes5sens.com/index.php/contact/" />
<meta property="og:site_name" content="La Ferme des 5 sens" />
<meta property="article:modified_time" content="2021-05-25T15:38:19+00:00" />
<meta property="og:image" content="https://lafermedes5sens.com/wp-content/uploads/2020/04/P1150573-scaled.jpg" />
	<meta property="og:image:width" content="2560" />
	<meta property="og:image:height" content="1439" />
<meta name="twitter:card" content="summary_large_image" />
<meta name="twitter:label1" content="Écrit par">
	<meta name="twitter:data1" content="admin5827">
	<meta name="twitter:label2" content="Durée de lecture est.">
	<meta name="twitter:data2" content="0 minute">
<script type="application/ld+json" class="yoast-schema-graph">{"@context":"https://schema.org","@graph":[{"@type":"WebSite","@id":"https://lafermedes5sens.com/#website","url":"https://lafermedes5sens.com/","name":"La Ferme des 5 sens","description":"","potentialAction":[{"@type":"SearchAction","target":"https://lafermedes5sens.com/?s={search_term_string}","query-input":"required name=search_term_string"}],"inLanguage":"fr-FR"},{"@type":"ImageObject","@id":"https://lafermedes5sens.com/index.php/contact/#primaryimage","inLanguage":"fr-FR","url":"https://lafermedes5sens.com/wp-content/uploads/2020/04/P1150573-scaled.jpg","width":2560,"height":1439,"caption":"Papillon dans Lavande"},{"@type":"WebPage","@id":"https://lafermedes5sens.com/index.php/contact/#webpage","url":"https://lafermedes5sens.com/index.php/contact/","name":"Contact - La Ferme des 5 sens","isPartOf":{"@id":"https://lafermedes5sens.com/#website"},"primaryImageOfPage":{"@id":"https://lafermedes5sens.com/index.php/contact/#primaryimage"},"datePublished":"2020-01-26T19:01:34+00:00","dateModified":"2021-05-25T15:38:19+00:00","description":"Retrouvez toutes nos coordonn\u00e9es pour pouvoir nous contacter par mail ou par t\u00e9l\u00e9phone. Vous pouvez aussi venir \u00e0 la ferme nous rencontrer !","inLanguage":"fr-FR","potentialAction":[{"@type":"ReadAction","target":["https://lafermedes5sens.com/index.php/contact/"]}]}]}</script>
<!-- / Yoast SEO plugin. -->
